{"id":186,"date":"2025-02-19T21:26:26","date_gmt":"2025-02-19T21:26:26","guid":{"rendered":"https:\/\/oxford.fetchtdelivery.com\/?page_id=186"},"modified":"2025-10-17T22:43:48","modified_gmt":"2025-10-17T22:43:48","slug":"mega-joker-gratis","status":"publish","type":"page","link":"https:\/\/shopzigzagstripe.com\/collections\/mega-joker-gratis\/","title":{"rendered":"Mega Joker gratis"},"content":{"rendered":"\n<p>Vil du spille Mega Joker gratis? Da har du kommet til det riktige stedet! Mega Joker er en legendarisk spilleautomat som stammer fra de klassiske fysiske automatene i Norge. Du husker de som du kunne finne p\u00e5 den lokale bensinstasjonen, p\u00e5 matbutikken eller p\u00e5 ferga? Nettversjonen har beholdt den unike retrostilen, men har moderne funksjoner som supermeter og progressiv jackpot.<\/p>\n\n\n\n<p><br>I denne artikkelen f\u00e5r du selvsagt sjansen til \u00e5 spille Mega Joker gratis. Vi vil ogs\u00e5 gi deg noen tips om du har lyst til \u00e5 spille med ekte penger i trygge norske casino!<\/p>\n\n\n\n<div class=\"gb-element-006ad144\">\n<p>\ud83d\udd1e Viktig \u00e5 huske: Spilleautomater som Mega Joker er sjansespill. Casinoet har alltid en fordel, og du b\u00f8r kun spille for penger du har r\u00e5d til \u00e5 tape. Selv med h\u00f8y RTP kan du fortsatt tape p\u00e5 kort sikt. Spill ansvarlig, sett grenser og ta pauser. Trenger du hjelp? <a href=\"https:\/\/hjelpelinjen.no\/\">Bes\u00f8k Hjelpelinjen.no<\/a>.<\/p>\n<\/div>\n\n\n\n<h2 class=\"wp-block-heading\">Norgesautomaten gratis: spill Mega Joker med ekte penger her<\/h2>\n\n\n\n<div class=\"gb-element-0ee48d38\">\n<div><div class=\"casino-banners\"><div class=\"casino-banner\"><div class=\"casino-box logo-box\" style=\"background-color: #04326d;\"><img decoding=\"async\" src=\"https:\/\/shopzigzagstripe.com\/collections\/wp-content\/uploads\/2025\/11\/SGCasino.png?wsr\" alt=\"SGCasino\" class=\"casino-logo\"><\/div><div class=\"casino-box bonus-box\"><h3 class=\"casino-name\">SGCasino<\/h3><p class=\"casino-bonus\">100% opptil 5 000 kr + 200 GS + 1 Bonus Crab <\/p><\/div><div class=\"casino-box bulletpoints-box\"><h4 class=\"bulletpoints-header\">Kort info<\/h4><ul class=\"bulletpoints-list\"><li>\ud83c\udfb0 Massive Selection Of Slots<\/li><li>\ud83d\udcac 24\/7 Support In All Languages<\/li><li>\ud83c\udfc6 Live Casino &amp; Sportsbook<\/li><\/ul><\/div><div class=\"casino-box button-box\"><div class=\"button-wrap\"><a href=\"https:\/\/tryggtspill.link\/sgcasino\" class=\"button\" rel=\"nofollow\" target=\"_blank\">Hent din bonus!<\/a><\/div><\/div><\/div><div class=\"casino-banner\"><div class=\"casino-box logo-box\" style=\"background-color: #0D0C0C;\"><img decoding=\"async\" src=\"https:\/\/shopzigzagstripe.com\/collections\/wp-content\/uploads\/2025\/11\/legiano.png?wsr\" alt=\"Legiano\" class=\"casino-logo\"><\/div><div class=\"casino-box bonus-box\"><h3 class=\"casino-name\">Legiano<\/h3><p class=\"casino-bonus\">100% opptil 5 000 kr + 200 GS + 1 Bonus Crab <\/p><\/div><div class=\"casino-box bulletpoints-box\"><h4 class=\"bulletpoints-header\">Kort info<\/h4><ul class=\"bulletpoints-list\"><li>\ud83d\udcac 24\/7 Support<\/li><li>\ud83c\udfae Unique Gamification<\/li><li>\ud83c\udf81 Non-Sticky Welcome Bonus<\/li><\/ul><\/div><div class=\"casino-box button-box\"><div class=\"button-wrap\"><a href=\"https:\/\/tryggtspill.link\/legiano\" class=\"button\" rel=\"nofollow\" target=\"_blank\">Hent din bonus!<\/a><\/div><\/div><\/div><div class=\"casino-banner\"><div class=\"casino-box logo-box\" style=\"background-color: #40151f;\"><img decoding=\"async\" src=\"https:\/\/shopzigzagstripe.com\/collections\/wp-content\/uploads\/2025\/11\/logo@2x.png?wsr\" alt=\"Allyspin\" class=\"casino-logo\"><\/div><div class=\"casino-box bonus-box\"><h3 class=\"casino-name\">Allyspin<\/h3><p class=\"casino-bonus\">250% opptil 10 000 kr + 200 GS + 1 Bonus Crab<\/p><\/div><div class=\"casino-box bulletpoints-box\"><h4 class=\"bulletpoints-header\">Kort info<\/h4><ul class=\"bulletpoints-list\"><li>\ud83c\udfae All Popular Gaming Providers<\/li><li>\ud83c\udf81 Boosted Welcome Offer (250% Up To \u20ac1,000 + 200 FS)<\/li><li>\u2728 Super Catchy Design<\/li><\/ul><\/div><div class=\"casino-box button-box\"><div class=\"button-wrap\"><a href=\"https:\/\/tryggtspill.link\/allyspin\" class=\"button\" rel=\"nofollow\" target=\"_blank\">Hent din bonus!<\/a><\/div><\/div><\/div><div class=\"casino-banner\"><div class=\"casino-box logo-box\" style=\"background-color: #0d1269;\"><img decoding=\"async\" src=\"https:\/\/shopzigzagstripe.com\/collections\/wp-content\/uploads\/2025\/11\/spinbara.svg?wsr\" alt=\"Spinbara\" class=\"casino-logo\"><\/div><div class=\"casino-box bonus-box\"><h3 class=\"casino-name\">Spinbara<\/h3><p class=\"casino-bonus\"> 100% opptil 5 000 kr + 200 GS + 1 Bonus Crab <\/p><\/div><div class=\"casino-box bulletpoints-box\"><h4 class=\"bulletpoints-header\">Kort info<\/h4><ul class=\"bulletpoints-list\"><li>\ud83c\udfc6 Join Our Tournaments \u2014 Win 60,000,000 NOK!<\/li><li>\ud83d\udcac 24\/7 Support &amp; Unique Gamification<\/li><li>\ud83c\udf81 Non-Sticky Welcome Bonus<\/li><\/ul><\/div><div class=\"casino-box button-box\"><div class=\"button-wrap\"><a href=\"https:\/\/tryggtspill.link\/spinbara\" class=\"button\" rel=\"nofollow\" target=\"_blank\">Hent din bonus!<\/a><\/div><\/div><\/div><div class=\"casino-banner\"><div class=\"casino-box logo-box\" style=\"background-color: #5b2013;\"><img decoding=\"async\" src=\"https:\/\/shopzigzagstripe.com\/collections\/wp-content\/uploads\/2025\/11\/cleobetra.webp?wsr\" alt=\"Cleobetra\" class=\"casino-logo\"><\/div><div class=\"casino-box bonus-box\"><h3 class=\"casino-name\">Cleobetra<\/h3><p class=\"casino-bonus\">Velkomstpakke 10 000 kr + 350 Gratisspinn<\/p><\/div><div class=\"casino-box bulletpoints-box\"><h4 class=\"bulletpoints-header\">Kort info<\/h4><ul class=\"bulletpoints-list\"><li>\ud83c\udffa Top-Notch Egyptian-Themed Casino With Premium UX<\/li><li>\ud83c\udf81 Multi-Tier Welcome Bonus<\/li><li>\ud83d\udc8e Ongoing Rewards: Cashback, Reloads &amp; VIP Perks<\/li><\/ul><\/div><div class=\"casino-box button-box\"><div class=\"button-wrap\"><a href=\"https:\/\/tryggtspill.link\/cleobetr\" class=\"button\" rel=\"nofollow\" target=\"_blank\">Hent din bonus!<\/a><\/div><\/div><\/div><div class=\"casino-banner\"><div class=\"casino-box logo-box\" style=\"background-color: #ffffff;\"><img decoding=\"async\" src=\"https:\/\/shopzigzagstripe.com\/collections\/wp-content\/uploads\/2025\/11\/puntit-1.svg?wsr\" alt=\"Puntit Casino\" class=\"casino-logo\"><\/div><div class=\"casino-box bonus-box\"><h3 class=\"casino-name\">Puntit Casino<\/h3><p class=\"casino-bonus\">100% opptil 5 000 kr + 50 Gratisspinn + 15% Cashback<\/p><\/div><div class=\"casino-box bulletpoints-box\"><h4 class=\"bulletpoints-header\">Kort info<\/h4><ul class=\"bulletpoints-list\"><li>\ud83d\udcb8 Weekly Cashback With No Wagering<\/li><li>\ud83c\udfb0 No Wagering On Free Spins<\/li><li>\ud83d\udd25 Casino Lobby Jam-Packed With The Best &amp; Most Popular Slots<\/li><\/ul><\/div><div class=\"casino-box button-box\"><div class=\"button-wrap\"><a href=\"https:\/\/tryggtspill.link\/putnit\" class=\"button\" rel=\"nofollow\" target=\"_blank\">Hent din bonus!<\/a><\/div><\/div><\/div><div class=\"casino-banner\"><div class=\"casino-box logo-box\" style=\"background-color: #36272d;\"><img decoding=\"async\" src=\"https:\/\/shopzigzagstripe.com\/collections\/wp-content\/uploads\/2025\/10\/dragonia.webp?wsr\" alt=\"Dragonia\" class=\"casino-logo\"><\/div><div class=\"casino-box bonus-box\"><h3 class=\"casino-name\">Dragonia<\/h3><p class=\"casino-bonus\">100% opptil 5 000 kr + 200 GS + 1 Bonus Crab<\/p><\/div><div class=\"casino-box bulletpoints-box\"><h4 class=\"bulletpoints-header\">Kort info<\/h4><ul class=\"bulletpoints-list\"><li>\ud83d\udc51 VIP Program with 5 Levels &amp; Exclusive Perks<\/li><li>\ud83c\udfc6 Exciting Tournaments with Big Prize Pools<\/li><li>\ud83d\udecd\ufe0f Reward Shop with Bonuses &amp; Free Spins<\/li><\/ul><\/div><div class=\"casino-box button-box\"><div class=\"button-wrap\"><a href=\"https:\/\/tryggtspill.link\/dragonia\" class=\"button\" rel=\"nofollow\" target=\"_blank\">Hent din bonus!<\/a><\/div><\/div><\/div><div class=\"casino-banner\"><div class=\"casino-box logo-box\" style=\"background-color: #101116;\"><img decoding=\"async\" src=\"https:\/\/shopzigzagstripe.com\/collections\/wp-content\/uploads\/2025\/10\/casinova.svg?wsr\" alt=\"Casinova\" class=\"casino-logo\"><\/div><div class=\"casino-box bonus-box\"><h3 class=\"casino-name\">Casinova<\/h3><p class=\"casino-bonus\">20 000 kr V\u00e4lkomstpaket + 350 Gratisspinn<\/p><\/div><div class=\"casino-box bulletpoints-box\"><h4 class=\"bulletpoints-header\">Kort info<\/h4><ul class=\"bulletpoints-list\"><li>\ud83c\udf81 Huge, Multi-Part Welcome Package + Free Spins<\/li><li>\ud83d\udcb0 Frequent &amp; Generous Cashback and Reloads<\/li><li>\ud83c\udfb2 Massive Game Variety and Casino Features<\/li><\/ul><\/div><div class=\"casino-box button-box\"><div class=\"button-wrap\"><a href=\"https:\/\/tryggtspill.link\/casinova\" class=\"button\" rel=\"nofollow\" target=\"_blank\">Hent din bonus!<\/a><\/div><\/div><\/div><div class=\"casino-banner\"><div class=\"casino-box logo-box\" style=\"background-color: #430f71;\"><img decoding=\"async\" src=\"https:\/\/shopzigzagstripe.com\/collections\/wp-content\/uploads\/2025\/10\/kingmaker-logo.svg?wsr\" alt=\"Kingmaker\" class=\"casino-logo\"><\/div><div class=\"casino-box bonus-box\"><h3 class=\"casino-name\">Kingmaker<\/h3><p class=\"casino-bonus\">100% opptil 5 000 kr + 50 sjanser til \u00e5 vinne \u20ac1m<\/p><\/div><div class=\"casino-box bulletpoints-box\"><h4 class=\"bulletpoints-header\">Kort info<\/h4><ul class=\"bulletpoints-list\"><li>\ud83d\ude80 Next-Gen Casino Experience with Elite Game Studios<\/li><li>\ud83d\udcb8 Non-Sticky Bonuses and Instant Cash Freedom<\/li><li>\u26a1 Lightning-Fast Gameplay and Withdrawals<\/li><\/ul><\/div><div class=\"casino-box button-box\"><div class=\"button-wrap\"><a href=\"https:\/\/tryggtspill.link\/kingmaker\" class=\"button\" rel=\"nofollow\" target=\"_blank\">Hent din bonus!<\/a><\/div><\/div><\/div><\/div>\n<\/div>\n<\/div>\n\n\n\n<p><\/p>\n\n\n\n<div class=\"gb-element-3dc6346b\">\n<h2 class=\"wp-block-heading\">\ud83c\udfb0 Hva er Mega Joker?<\/h2>\n\n\n\n<p>Mega Joker er en klassisk spilleautomat utviklet av NetEnt, og den er en direkte arvtaker til Super Joker. Super Joker var en av de mest ikoniske spilleautomatene som fantes i Norge f\u00f8r automatforbudet. Spillet har et tradisjonelt fruktmaskin-oppsett med tre hjul, fem gevinstlinjer og en unik supermeter-funksjon som gir mulighet for st\u00f8rre gevinster.<\/p>\n\n\n\n<h2 class=\"wp-block-heading\">\ud83d\udd39 Funksjonene i Mega Joker:<\/h2>\n\n\n\n<p>\ud83c\udfb2 Klassisk automatopplevelse \u2013 Identisk med de gamle fysiske automatene. Og du f\u00e5r selvsagt oppleve alt dette n\u00e5r du skal spille Mega Joker gratis.<br>\ud83d\udcb0 Supermeter-modus \u2013 H\u00f8yere innsats gir st\u00f8rre gevinster.<br>\ud83c\udfaf Progressiv jackpot \u2013 En jackpot som \u00f8ker jo flere som spiller.<br>\ud83c\udf89 98,9% RTP i supermeteret \u2013 En av de h\u00f8yeste tilbakebetalingsprosentene p\u00e5 markedet!<\/p>\n<\/div>\n\n\n\n<p><\/p>\n\n\n\n<figure class=\"wp-block-image size-full\"><img decoding=\"async\" src=\"https:\/\/shopzigzagstripe.com\/collections\/collections\/wp-content\/uploads\/2025\/02\/Spill-Mega-Joker-gratis.jpg\" alt=\"Utsnitt av spilleautomaten Mega Joker gratis med logo til spillet.\" class=\"wp-image-188\"\/><figcaption class=\"wp-element-caption\"><em>Den velkjente jokeren i Mega Joker har gjort mang en norsk spiller lykkelig!<\/em><\/figcaption><\/figure>\n\n\n\n<div class=\"gb-element-93507d08\">\n<h2 class=\"wp-block-heading\">\ud83c\udfb0 Hvorfor spille Mega Joker gratis?<\/h2>\n\n\n\n<p>Jo, rett og slett fordi det er g\u00f8y \u2013 selv om det ikke er noe penger p\u00e5 spill! Men for \u00e5 v\u00e6re litt mer alvorlig: det er flere gode grunner til \u00e5 teste Mega Joker gratis f\u00f8r du eventuelt satser ekte penger.<\/p>\n\n\n\n<p>Selv om spillet er enkelt \u00e5 forst\u00e5, har det noen unike mekanikker som kan p\u00e5virke spillets gang. <\/p>\n\n\n\n<p>Vi kan ogs\u00e5 anbefale deg \u00e5 sjekke ut <a href=\"https:\/\/shopzigzagstripe.com\/collections\/collections\/collections\/norgesautomaten\/\">Norgesautomaten Jackpot 6000<\/a> her. <\/p>\n\n\n\n<h3 class=\"wp-block-heading\">\ud83d\udca1 Tre gode grunner til \u00e5 spille Mega Joker gratis f\u00f8rst:<\/h3>\n\n\n\n<p>1\ufe0f\u20e3 L\u00e6r deg spillets regler og funksjoner \u2013 Mega Joker har b\u00e5de supermeter-modus og progressiv jackpot, og det er smart \u00e5 forst\u00e5 hvordan disse fungerer f\u00f8r du spiller for ekte penger i trygge norske casino.<\/p>\n\n\n\n<p>2\ufe0f\u20e3 Pr\u00f8v ulike strategier \u2013 I supermeteret kan du velge ulike innsatsniv\u00e5er som p\u00e5virker gevinstene. Ved \u00e5 spille gratis kan du eksperimentere uten risiko.<\/p>\n\n\n\n<p>3\ufe0f\u20e3 Opplev automaten uten innskudd \u2013 Det er ingen grunn til \u00e5 satse penger med \u00e9n gang. Spill gratis, bli kjent med automaten og se om den er noe for deg f\u00f8r du vurderer \u00e5 spille med dine egne penger.<\/p>\n\n\n\n<p>Husk p\u00e5 at det alltid er en stor risiko n\u00e5r du spiller p\u00e5 spilleautomater p\u00e5 nett. Casinoet har alltid en fordel, og det betyr at du vil tape penger i det lange l\u00f8p.<\/p>\n\n\n\n<p><em>Du kan f.eks. spille Mega Joker hos <a href=\"https:\/\/shopzigzagstripe.com\/collections\/collections\/collections\/nordicautomaten\/\">NordicAutomaten<\/a>.<\/em><\/p>\n\n\n\n<h3 class=\"wp-block-heading\">En av de h\u00f8yeste RTP-ene p\u00e5 markedet<\/h3>\n\n\n\n<p>De fleste moderne spilleautomater har en RTP p\u00e5 rundt 96%, men Mega Joker kan gi opptil 98,9% tilbakebetaling i supermeter-modus. Det er en av de mest spillervennlige automatene p\u00e5 nett \u2013 men bare hvis du satser h\u00f8yt nok i supermeteret! RTP i grunnspillet er betydelig lavere, noe som gj\u00f8r at mange spillerne velger \u00e5 overf\u00f8re gevinstene sine til supermeteret for bedre utbetalinger.<\/p>\n\n\n\n<p>Mega Joker er nemlig en av f\u00e5 spilleautomater med en ekstremt h\u00f8y RTP \u2013 opptil 98,9% n\u00e5r du spiller i supermeteret. RTP er en forkortelse for return to player, og er et tall som angir hvor mye en spiller kan forvente \u00e5 f\u00e5 tilbakebetalt over tid. N\u00e5r vi sier \u2018over tid\u2019 snakker vi her om mange millioner spinn. Poenget er imidlertid at andre vanlige spilleautomater har en langt lavere RTP, og da gjerne i landskapet 96-97%.<\/p>\n\n\n\n<p>Dette gj\u00f8r den til en av de mest l\u00f8nnsomme automatene for spillere.<\/p>\n\n\n\n<p><strong>\ud83d\udd39 Hvorfor er RTP i Mega Joker gratis s\u00e5 h\u00f8y?<\/strong><br>Den h\u00f8ye RTP-en gjelder kun n\u00e5r du spiller i supermeteret, fordi spillet bel\u00f8nner h\u00f8yere innsats. I grunnspillet er RTP lavere, og du f\u00e5r maksimal tilbakebetaling f\u00f8rst n\u00e5r du satser h\u00f8yere bel\u00f8p per spinn.<\/p>\n\n\n\n<p><strong>\ud83d\udd39 Hvordan p\u00e5virker dette spillet?<\/strong><br>\ud83d\udccc Fordel: H\u00f8yere RTP betyr at du i teorien taper mindre over tid sammenlignet med andre automater.<br>\ud83d\udccc Ulempe: Du m\u00e5 satse mer i supermeteret for \u00e5 f\u00e5 maks RTP, noe som kan v\u00e6re risikabelt.<\/p>\n<\/div>\n\n\n\n<div class=\"gb-element-cc942fdf\">\n<h2 class=\"wp-block-heading\">Hvordan vinne jackpot p\u00e5 Mega Joker?<\/h2>\n\n\n\n<p>Som vi allerede har sagt: Mega Joker har en tilfeldig progressiv jackpot, noe som betyr at den kan utl\u00f8ses n\u00e5r som helst.<\/p>\n\n\n\n<p>Dette er da helt uavhengig av symbolkombinasjoner eller gevinstlinjer. Men det er likevel noen faktorer som p\u00e5virker sjansene dine for \u00e5 vinne:<\/p>\n\n\n\n<p>\ud83d\udd39 H\u00f8yere innsats gir st\u00f8rre sjanse \u2013 Jackpoten kan vinnes p\u00e5 hvilket som helst spinn, men sjansen \u00f8ker hvis du spiller med h\u00f8yest innsatsniv\u00e5 i supermeteret.<\/p>\n\n\n\n<p>\ud83d\udd39 Jackpoten vokser for hver innsats \u2013 Hver gang noen spiller Mega Joker med ekte penger, g\u00e5r en liten del av innsatsen til jackpoten. Dette gj\u00f8r at potten stadig vokser til den blir vunnet.<\/p>\n\n\n\n<p>\ud83d\udd39 Tilfeldig utbetaling \u2013 Det finnes ingen spesifikk kombinasjon av symboler eller et bestemt antall spinn som garanterer jackpotgevinst. Det er helt tilfeldig n\u00e5r den sl\u00e5r inn, men spillere med maksimal innsats har en st\u00f8rre sjanse.<\/p>\n\n\n\n<p>\ud83d\udccc Kort sagt: Jo mer du satser, desto st\u00f8rre sjanse har du for \u00e5 vinne jackpotten \u2013 men du kan fortsatt v\u00e6re heldig og vinne den selv med lav innsats. Du kan selvsagt ikke vinne jackpot om du skal spille Mega Joker gratis.<\/p>\n<\/div>\n\n\n\n<p><\/p>\n\n\n\n<p><\/p>\n","protected":false},"excerpt":{"rendered":"<p>Vil du spille Mega Joker gratis? Da har du kommet til det riktige stedet! Mega Joker er en legendarisk spilleautomat som stammer fra de klassiske fysiske automatene i Norge. Du husker de som du kunne finne p\u00e5 den lokale bensinstasjonen, p\u00e5 matbutikken eller p\u00e5 ferga? Nettversjonen har beholdt den unike retrostilen, men har moderne funksjoner [&hellip;]<\/p>\n","protected":false},"author":1,"featured_media":0,"parent":0,"menu_order":0,"comment_status":"closed","ping_status":"closed","template":"","meta":{"_acf_changed":false,"footnotes":""},"class_list":["post-186","page","type-page","status-publish","hentry"],"acf":[],"yoast_head":"<!-- This site is optimized with the Yoast SEO plugin v27.4 - https:\/\/yoast.com\/product\/yoast-seo-wordpress\/ -->\n<title>Spill Mega Joker gratis \ud83c\uddf3\ud83c\uddf4 \u2013 Norsk automat med h\u00f8y premie! &#187; TrygtSpill<\/title>\n<meta name=\"description\" content=\"Vil du spille Mega Joker gratis? \ud83c\udfb0 Test den norske automaten med supermeter og progressiv jackpot her! L\u00e6r regler, RTP og vinn stort. \ud83d\ude80\" \/>\n<meta name=\"robots\" content=\"index, follow, max-snippet:-1, max-image-preview:large, max-video-preview:-1\" \/>\n<link rel=\"canonical\" href=\"https:\/\/shopzigzagstripe.com\/collections\/mega-joker-gratis\/\" \/>\n<meta property=\"og:locale\" content=\"nb_NO\" \/>\n<meta property=\"og:type\" content=\"article\" \/>\n<meta property=\"og:title\" content=\"Spill Mega Joker gratis \ud83c\uddf3\ud83c\uddf4 \u2013 Norsk automat med h\u00f8y premie! &#187; TrygtSpill\" \/>\n<meta property=\"og:description\" content=\"Vil du spille Mega Joker gratis? \ud83c\udfb0 Test den norske automaten med supermeter og progressiv jackpot her! L\u00e6r regler, RTP og vinn stort. \ud83d\ude80\" \/>\n<meta property=\"og:url\" content=\"https:\/\/shopzigzagstripe.com\/collections\/mega-joker-gratis\/\" \/>\n<meta property=\"og:site_name\" content=\"TrygtSpill\" \/>\n<meta property=\"article:modified_time\" content=\"2025-10-17T22:43:48+00:00\" \/>\n<meta property=\"og:image\" content=\"https:\/\/shopzigzagstripe.com\/collections\/wp-content\/uploads\/2025\/02\/Spill-Mega-Joker-gratis.jpg\" \/>\n<meta name=\"twitter:card\" content=\"summary_large_image\" \/>\n<meta name=\"twitter:label1\" content=\"Est. reading time\" \/>\n\t<meta name=\"twitter:data1\" content=\"6 minutes\" \/>\n<script type=\"application\/ld+json\" class=\"yoast-schema-graph\">{\"@context\":\"https:\\\/\\\/schema.org\",\"@graph\":[{\"@type\":\"WebPage\",\"@id\":\"https:\\\/\\\/shopzigzagstripe.com\\\/collections\\\/mega-joker-gratis\\\/\",\"url\":\"https:\\\/\\\/shopzigzagstripe.com\\\/collections\\\/mega-joker-gratis\\\/\",\"name\":\"Spill Mega Joker gratis \ud83c\uddf3\ud83c\uddf4 \u2013 Norsk automat med h\u00f8y premie! &#187; TrygtSpill\",\"isPartOf\":{\"@id\":\"https:\\\/\\\/shopzigzagstripe.com\\\/collections\\\/#website\"},\"primaryImageOfPage\":{\"@id\":\"https:\\\/\\\/shopzigzagstripe.com\\\/collections\\\/mega-joker-gratis\\\/#primaryimage\"},\"image\":{\"@id\":\"https:\\\/\\\/shopzigzagstripe.com\\\/collections\\\/mega-joker-gratis\\\/#primaryimage\"},\"thumbnailUrl\":\"https:\\\/\\\/shopzigzagstripe.com\\\/collections\\\/collections\\\/wp-content\\\/uploads\\\/2025\\\/02\\\/Spill-Mega-Joker-gratis.jpg\",\"datePublished\":\"2025-02-19T21:26:26+00:00\",\"dateModified\":\"2025-10-17T22:43:48+00:00\",\"description\":\"Vil du spille Mega Joker gratis? \ud83c\udfb0 Test den norske automaten med supermeter og progressiv jackpot her! L\u00e6r regler, RTP og vinn stort. \ud83d\ude80\",\"breadcrumb\":{\"@id\":\"https:\\\/\\\/shopzigzagstripe.com\\\/collections\\\/mega-joker-gratis\\\/#breadcrumb\"},\"inLanguage\":\"nb-NO\",\"potentialAction\":[{\"@type\":\"ReadAction\",\"target\":[\"https:\\\/\\\/shopzigzagstripe.com\\\/collections\\\/mega-joker-gratis\\\/\"]}]},{\"@type\":\"ImageObject\",\"inLanguage\":\"nb-NO\",\"@id\":\"https:\\\/\\\/shopzigzagstripe.com\\\/collections\\\/mega-joker-gratis\\\/#primaryimage\",\"url\":\"https:\\\/\\\/shopzigzagstripe.com\\\/collections\\\/collections\\\/wp-content\\\/uploads\\\/2025\\\/02\\\/Spill-Mega-Joker-gratis.jpg\",\"contentUrl\":\"https:\\\/\\\/shopzigzagstripe.com\\\/collections\\\/collections\\\/wp-content\\\/uploads\\\/2025\\\/02\\\/Spill-Mega-Joker-gratis.jpg\"},{\"@type\":\"BreadcrumbList\",\"@id\":\"https:\\\/\\\/shopzigzagstripe.com\\\/collections\\\/mega-joker-gratis\\\/#breadcrumb\",\"itemListElement\":[{\"@type\":\"ListItem\",\"position\":1,\"name\":\"Home\",\"item\":\"https:\\\/\\\/shopzigzagstripe.com\\\/collections\\\/\"},{\"@type\":\"ListItem\",\"position\":2,\"name\":\"Mega Joker gratis\"}]},{\"@type\":\"WebSite\",\"@id\":\"https:\\\/\\\/shopzigzagstripe.com\\\/collections\\\/#website\",\"url\":\"https:\\\/\\\/shopzigzagstripe.com\\\/collections\\\/\",\"name\":\"TrygtSpill\",\"description\":\"\",\"potentialAction\":[{\"@type\":\"SearchAction\",\"target\":{\"@type\":\"EntryPoint\",\"urlTemplate\":\"https:\\\/\\\/shopzigzagstripe.com\\\/collections\\\/?s={search_term_string}\"},\"query-input\":{\"@type\":\"PropertyValueSpecification\",\"valueRequired\":true,\"valueName\":\"search_term_string\"}}],\"inLanguage\":\"nb-NO\"}]}<\/script>\n<!-- \/ Yoast SEO plugin. -->","yoast_head_json":{"title":"Spill Mega Joker gratis \ud83c\uddf3\ud83c\uddf4 \u2013 Norsk automat med h\u00f8y premie! &#187; TrygtSpill","description":"Vil du spille Mega Joker gratis? \ud83c\udfb0 Test den norske automaten med supermeter og progressiv jackpot her! L\u00e6r regler, RTP og vinn stort. \ud83d\ude80","robots":{"index":"index","follow":"follow","max-snippet":"max-snippet:-1","max-image-preview":"max-image-preview:large","max-video-preview":"max-video-preview:-1"},"canonical":"https:\/\/shopzigzagstripe.com\/collections\/mega-joker-gratis\/","og_locale":"nb_NO","og_type":"article","og_title":"Spill Mega Joker gratis \ud83c\uddf3\ud83c\uddf4 \u2013 Norsk automat med h\u00f8y premie! &#187; TrygtSpill","og_description":"Vil du spille Mega Joker gratis? \ud83c\udfb0 Test den norske automaten med supermeter og progressiv jackpot her! L\u00e6r regler, RTP og vinn stort. \ud83d\ude80","og_url":"https:\/\/shopzigzagstripe.com\/collections\/mega-joker-gratis\/","og_site_name":"TrygtSpill","article_modified_time":"2025-10-17T22:43:48+00:00","og_image":[{"url":"https:\/\/shopzigzagstripe.com\/collections\/wp-content\/uploads\/2025\/02\/Spill-Mega-Joker-gratis.jpg","type":"","width":"","height":""}],"twitter_card":"summary_large_image","twitter_misc":{"Est. reading time":"6 minutes"},"schema":{"@context":"https:\/\/schema.org","@graph":[{"@type":"WebPage","@id":"https:\/\/shopzigzagstripe.com\/collections\/mega-joker-gratis\/","url":"https:\/\/shopzigzagstripe.com\/collections\/mega-joker-gratis\/","name":"Spill Mega Joker gratis \ud83c\uddf3\ud83c\uddf4 \u2013 Norsk automat med h\u00f8y premie! &#187; TrygtSpill","isPartOf":{"@id":"https:\/\/shopzigzagstripe.com\/collections\/#website"},"primaryImageOfPage":{"@id":"https:\/\/shopzigzagstripe.com\/collections\/mega-joker-gratis\/#primaryimage"},"image":{"@id":"https:\/\/shopzigzagstripe.com\/collections\/mega-joker-gratis\/#primaryimage"},"thumbnailUrl":"https:\/\/shopzigzagstripe.com\/collections\/collections\/wp-content\/uploads\/2025\/02\/Spill-Mega-Joker-gratis.jpg","datePublished":"2025-02-19T21:26:26+00:00","dateModified":"2025-10-17T22:43:48+00:00","description":"Vil du spille Mega Joker gratis? \ud83c\udfb0 Test den norske automaten med supermeter og progressiv jackpot her! L\u00e6r regler, RTP og vinn stort. \ud83d\ude80","breadcrumb":{"@id":"https:\/\/shopzigzagstripe.com\/collections\/mega-joker-gratis\/#breadcrumb"},"inLanguage":"nb-NO","potentialAction":[{"@type":"ReadAction","target":["https:\/\/shopzigzagstripe.com\/collections\/mega-joker-gratis\/"]}]},{"@type":"ImageObject","inLanguage":"nb-NO","@id":"https:\/\/shopzigzagstripe.com\/collections\/mega-joker-gratis\/#primaryimage","url":"https:\/\/shopzigzagstripe.com\/collections\/collections\/wp-content\/uploads\/2025\/02\/Spill-Mega-Joker-gratis.jpg","contentUrl":"https:\/\/shopzigzagstripe.com\/collections\/collections\/wp-content\/uploads\/2025\/02\/Spill-Mega-Joker-gratis.jpg"},{"@type":"BreadcrumbList","@id":"https:\/\/shopzigzagstripe.com\/collections\/mega-joker-gratis\/#breadcrumb","itemListElement":[{"@type":"ListItem","position":1,"name":"Home","item":"https:\/\/shopzigzagstripe.com\/collections\/"},{"@type":"ListItem","position":2,"name":"Mega Joker gratis"}]},{"@type":"WebSite","@id":"https:\/\/shopzigzagstripe.com\/collections\/#website","url":"https:\/\/shopzigzagstripe.com\/collections\/","name":"TrygtSpill","description":"","potentialAction":[{"@type":"SearchAction","target":{"@type":"EntryPoint","urlTemplate":"https:\/\/shopzigzagstripe.com\/collections\/?s={search_term_string}"},"query-input":{"@type":"PropertyValueSpecification","valueRequired":true,"valueName":"search_term_string"}}],"inLanguage":"nb-NO"}]}},"_links":{"self":[{"href":"https:\/\/shopzigzagstripe.com\/collections\/wp-json\/wp\/v2\/pages\/186","targetHints":{"allow":["GET"]}}],"collection":[{"href":"https:\/\/shopzigzagstripe.com\/collections\/wp-json\/wp\/v2\/pages"}],"about":[{"href":"https:\/\/shopzigzagstripe.com\/collections\/wp-json\/wp\/v2\/types\/page"}],"author":[{"embeddable":true,"href":"https:\/\/shopzigzagstripe.com\/collections\/wp-json\/wp\/v2\/users\/1"}],"replies":[{"embeddable":true,"href":"https:\/\/shopzigzagstripe.com\/collections\/wp-json\/wp\/v2\/comments?post=186"}],"version-history":[{"count":1,"href":"https:\/\/shopzigzagstripe.com\/collections\/wp-json\/wp\/v2\/pages\/186\/revisions"}],"predecessor-version":[{"id":1796,"href":"https:\/\/shopzigzagstripe.com\/collections\/wp-json\/wp\/v2\/pages\/186\/revisions\/1796"}],"wp:attachment":[{"href":"https:\/\/shopzigzagstripe.com\/collections\/wp-json\/wp\/v2\/media?parent=186"}],"curies":[{"name":"wp","href":"https:\/\/api.w.org\/{rel}","templated":true}]}}